of -u**3 - u + 2. Let g(j) = -7*b(j) - 2*d(j). Suppose -6 = 2*k - 5*x + 2, -7 = k - 4*x. Give g(k).
2
Let u = -13 - -18. Let v(z) = 2*z**2 - 2*z**2 + 1 - u*z - 5*z**2 + 4*z**2. Give v(-4).
5
Let u(o) be the second derivative of -1/12*o**4 - 2/3*o**3 - 3*o + 0 + 5/2*o**2. Calculate u(-6).
-7
Suppose -5*g + 20 = h, -4*h + 2 = g - 2. Let n(p) be the third derivative of -1/60*p**5 + h*p**4 + 0 + 2*p**2 + 0*p + 1/3*p**3. Calculate n(-3).
-7
Let i = -2 + 2. Let r(a) be the second derivative of -1/12*a**4 - a - 1/6*a**3 + 3*a**2 + 0. Give r(i).
6
Let k(l) = 2*l + 6*l + l**2 + 3 - 7 - 6*l. Let h = 8 - 3. Suppose -2*f + 12 = -h*f. Calculate k(f).
4
Let o = -7 - -3. Let s be (-1)/o - (-19)/4. Let y(j) = -j + 7. What is y(s)?
2
Let j(y) = -7*y**2 + 3*y - 8. Let q(i) = 5*i**2 - 2*i + 5. Let c(p) = 5*j(p) + 8*q(p). Suppose -2 = -3*r + r. What is c(r)?
4
Let b(l) = -l**3 - 2*l**2 + 3*l - 1. Let s be 2 - -3 - (-1 - -4). What is b(s)?
-11
Let u(b) = 4*b - 3*b + 6 + b - 1. Let i(f) = f**2 - 11*f + 15. Let n be i(10). Suppose 0 = -3*p - n - 7. Give u(p).
-3
Suppose 5*b + 50 = -5*q, 0 = -3*b + 2*q - 10 - 0. Let g(f) = -f**3 - 5*f**2 + 8*f + 5. What is g(b)?
-7
Let s(w) be the second derivative of 0 - 1/2*w**2 + 9*w - 5/6*w**3. Suppose 3*a - 10 = -m, 3*m + 12 = 4*a + a. Give s(m).
-6
Suppose -z = -0*z + 1. Let t(u) = u**2 + u + 1. Let j(g) = -4*g**2 - 7*g. Let o(k) = z*j(k) - 3*t(k). Give o(-5).
2
Let s(l) = 4*l**3 + l**2 + 11*l + 6. Let z(y) = -5*y**3 - 2*y**2 - 12*y - 7. Let o = -12 + 6. Let h(j) = o*s(j) - 5*z(j). Give h(-5).
4
Let v be (6/(-14))/(3/(-2))*14. Let i(t) be the third derivative of -1/12*t**5 + 1/120*t**6 + 0*t + 0 + 1/4*t**4 + t**2 - 5/6*t**3. Give i(v).
3
Let a(z) = 3*z**3 - 8*z**2 + 2*z + 3. Let s(m) be the first derivative of -7*m**4/4 + 17*m**3/3 - 3*m**2/2 - 7*m + 1. Let w(x) = -5*a(x) - 2*s(x). Give w(5).
4
Let u(f) = 16*f**3 + 25*f**2 - 4*f - 20. Suppose -t - 4 = -15. Let x(c) = -3*c**3 - 5*c**2 + c + 4. Let q(v) = t*x(v) + 2*u(v). Determine q(-5).
-11
Let x(b) = b**2 + 6*b - 7. Let l be x(-7). Suppose l = 5*n - 3*r + 9, 4*r - 12 = -2*n - 2*n. Let w(t) = t**3 + t**2. Calculate w(n).
0
Let f(s) be the first derivative of 3*s**2/2 + 4*s - 19. Suppose -2*q - 2*b + 5*b = -6, -3*q = -5*b - 11. Determine f(q).
-5
Let z = -14 - -18. Suppose -2*h - h = z*a - 24, 2*a - 4*h = 12. Let l(q) = q. Give l(a).
6
Let b(m) = m**2 - m + 0*m + 3*m - m**3. Suppose -4*r - 3 = 5. Calculate b(r).
8
Let j = -9 - -3. Let d(a) = -a + 6. Let z(p) = p - 3. Let h(y) = d(y) + 2*z(y). What is h(j)?
-6
Let m(l) be the first derivative of l**2 + 1/60*l**5 + 1/24*l**4 - 2 - 4/3*l**3 + 0*l. Let p(i) be the second derivative of m(i). What is p(0)?
-8
Let s be -2 - (-22)/4 - 9/6. Let j(t) = -t**3 + 3*t**2 - 1. Determine j(s).
3
Let q(i) = 5*i**3 + 2*i**2 - 1. Let h be 3/(-3) + -1 + 16. Suppose h = -4*x + 2*c, 19 = 3*x + 4*c + 2. Determine q(x).
-4
Suppose -15 = -7*q + 2*q. Let u(z) = 2 - 8*z**2 + q*z**2 - 2*z - z**3 + 0*z. Suppose -4*n + 2 = 14. What is u(n)?
-10
Let t(a) = -5*a**2 - 3*a + 4. Let s(f) = 16*f**2 + 8*f - 11. Suppose 5*y - 24 = 2*y. Let v(u) = y*t(u) + 3*s(u). Let m be 1/(-3) - 24/36. What is v(m)?
7
Let w(z) = -z**3 - 6*z**2 - 3*z + 4. Let p(d) be the first derivative of 9/2*d**2 - 1/3*d**3 + 5*d - 2. Let t be p(10). Give w(t).
-6
Let g(x) = 3*x - 18. Let o be g(8). Let i(a) = -a**2 + 5*a - 2. Determine i(o).
-8
Let g(w) = -3*w + 2*w + w**3 + 12 - 4*w**2 - 9 - 3*w**2. What is g(7)?
-4
Let z(y) be the third derivative of y**7/2520 + y**6/144 - y**5/20 + y**4/4 - 7*y**2. Let f(p) be the second derivative of z(p). Determine f(-6).
0
Let b(o) = 18*o - 1 - 13*o - 11*o. Give b(-1).
5
Let z(t) = -3*t**2 + 1. Let f be 2 + -1 + 0/(-2). Let c = f - 3. Let q be c - (-2 - 2) - 1. Calculate z(q).
-2
Let b(q) = 3 - q**2 + 6 + 4 - 8. Let i be 4*(-1 - -2)*-1. Let x(f) = f**3 + 3*f**2 - 6*f - 4. Let j be x(i). Determine b(j).
-11
Let i(w) = 4 + 3*w**2 + 63*w - 64*w - 4*w**2. Give i(2).
-2
Let u = 6 - 2. Suppose -2*f - 5*k = -7*f + 20, -5*f = -k - u. Suppose -3*s - 3*b - 21 = f, 0 = -2*b - 8. Let i(q) = q**2 + 3*q - 2. Calculate i(s).
-2
Let k(o) be the second derivative of 6*o - 1/20*o**5 + 4*o**2 + 7/12*o**4 - 7/6*o**3 + 0. What is k(6)?
2
Let s(p) = 5 + 1 - 7 - 5 + p. Let c = 4 - -1. Calculate s(c).
-1
Let r(x) be the first derivative of -x**4/24 + x**2/2 - 2. Let y(d) be the second derivative of r(d). What is y(-1)?
1
Let n(r) be the first derivative of -r**7/840 + r**6/180 + r**5/60 - r**4/24 + r**3 + 2. Let c(x) be the third derivative of n(x). What is c(3)?
-4
Let u(k) = -9*k**2 + 4*k**2 - 3*k**2. Give u(1).
-8
Let i(m) = -m**3 - 4*m**2 + 2*m + 2. Suppose -1 = -l + u - 3, 5*l = 4*u - 11. What is i(l)?
-13
Let d(a) be the second derivative of -a**3/6 - 9*a**2/2 - 4*a. Give d(-6).
-3
Let h(o) = 5*o**2 - o. Let a be h(1). Let j be 13/a - (-6)/8. Suppose 5*w = 3*w + j*v + 24, -v + 9 = 2*w. Let p(y) = -y**3 + 6*y**2 - y + 1. Give p(w).
-5
Let o(h) = 32 - 56 + 24 + 6*h. What is o(-1)?
-6
Let k be (-5 + 2)*(-2)/(-6). Let i(p) = -3*p**3 - p. Determine i(k).
4
Let g(v) = -v + 4. Suppose -w - 4*w = 0. Let u be 1/(-1)*(-3 + w). Determine g(u).
1
Let k(c) = c + 7. Let v be k(-7). Suppose 0 = 2*y - v - 8. Let j(x) be the third derivative of -x**4/24 - x**2. Determine j(y).
-4
Let u(p) = p - 2. Let g(o) = -2*o**2 + o - 3. Let z = 26 + -26. Let y be g(z). Give u(y).
-5
Let v(g) = g**3 - 2*g**2 + 5*g. Let d(t) = 2*t**3 - t**2 + 6*t + 1. Let b(s) = -2*d(s) + 3*v(s). Suppose -19 = 3*x - u, 2*u - 31 = 3*x - 2*u. Determine b(x).
8
Let s(x) = 5 + 16 + x - 14. Give s(0).
7
Let l(u) be the first derivative of -u**3/3 - u**2/2 + 2*u + 16. Give l(-2).
0
Suppose -2*x - 2*x = 0. Let l be 1*(x + -1 + 11). Suppose c - 3*c = -l. Let f(u) = u**2 - 4*u + 1. Give f(c).
6
Let g(v) = -v - 25. Let a(k) = -12. Let o(t) = 5*a(t) - 2*g(t). What is o(8)?
6
Let t(h) = -h**2 + 7*h + 4. Let g be t(7). Let y(o) = -o**3 + 5*o**2 - 2*o - 2. Give y(g).
6
Let p(o) = -18*o**2 - 2*o + 3 + 2 + 17*o**2. Calculate p(-5).
-10
Suppose 6 + 0 = 2*h. Let s(v) = 7*v - h*v - 1 + 3*v. Determine s(1).
6
Let d(v) = 6*v**3 - 9*v**3 + 4*v**3 - 6*v**2. Determine d(6).
0
Let j(r) = -3*r**2 - 3*r - 1. Suppose 0 = -3*l + 5*l + 4. Calculate j(l).
-7
Let z(h) = 3*h**3 + h. Let m be z(1). Let y(o) = o - 1. Let c be y(m). Let x(v) = v**3 - 2*v**2 - 4*v. Calculate x(c).
-3
Let v(z) be the third derivative of -z**9/60480 - z**8/20160 + z**7/5040 + z**6/360 + z**5/15 - z**2. Let w(y) be the third derivative of v(y). Give w(2).
-8
Let z = -1 + 4. Let b(a) = -16*a**2 - 4 - a**3 - 2*a + 19*a**2 + 7*a. Calculate b(z).
11
Let u = -6 - -9. Let x = u - 1. Let g(h) = h**3 - 2*h**2 - 2*h + 1. Give g(x).
-3
Let m(x) = 2*x**3 + 3*x**2 + 3*x - 1. Let o(y) = y**3 + 1. Let l(d) = -m(d) + 3*o(d). Determine l(4).
8
Let s(i) = 5*i**2 - 4*i - 1. Let z(p) = -11*p**2 + 9*p + 3. Let r(n) = -5*s(n) - 2*z(n). What is r(2)?
-9
Let f(n) = n**2 - 4*n - 1. Let c(r) = -r**3 - 9*r**2 + r + 7. Let o be c(-9). Let j be (16/10)/(o/(-20)). Let y = j + -11. Give f(y).
4
Let d be -1*(-1 + 0) - 5. Let i = d - -6. Let b(z) = -z + 0*z**3 + 6*z**2 - i - z**2 + z**3. What is b(-5)?
3
Suppose 0*b = -4*b + 16. Suppose 3*v + v - b = 0. Let j(m) = -11*m. Give j(v).
-11
Let t(u) = 4*u - 2*u - u - 3*u. Calculate t(-5).
10
Let t(x) = -16 + 25 - 17 + 0*x - x**2 - 8*x. Calculate t(-7).
-1
Let s(a) = a + 3. Let r(f) = f**2 - 3*f + 1. Let p be r(3). Let m be (-24)/(-3 - -7) + p. Give s(m).
-2
Let b(l) = l**2 - 5. Suppose -1 = 8*p - 1. Determine b(p).
-5
Let k = -9 - -11. Let h = 7 - k. Let b(n) = n - 10. Give b(h).
-5
Let d(n) = -2*n**3 + 7*n**2 - 17*n - 7. Let l(v) = 3*v**3 - 10*v**2 + 26*v + 10. Let k(w) = -8*d(w) - 5*l(w). Calculate k(5).
11
Let s be -3*(-1 - (-6)/9). Suppose 0*g = -4*g + 4. Let o(a) = 8*a**2 + 2*a**2 - a - 5*a**2 + g. Determine o(s).
5
Let j = -6 - -7. Let p(i) = i - j + 1. Give p(5).
5
Suppose -o - 6 = -2*d, -5*d - 5*o - 7 = -2*o. Let v(g) = g + 1. Let a be v(d). Let f(s) = 80 - 80 - 2*s + 0*s. Give f(a).
-4
Let t(p) = p**2 - 7*p - 3. Let l = -172 - -179. Determine t(l).
-3
Let q(p) be the third derivative of -p**3/6 - 3*p**2. Let r(u) = -2*u + 2. Let t(z) = -q(z) + r(z). What is t(5)?
-7
Let x be 38/6 + 2/(-6). Let c(v) = -v + 1. Determine c(x).
-5
Let s(z) = z**3 + 3*z